62777 composite?
True
Is 6813033 a prime number?
False
Is 8229511 a prime number?
True
Is 909677 composite?
True
Is 2391419 a composite number?
True
Is 72789751 prime?
True
Is 2314167 a prime number?
False
Is 12011009 composite?
False
Is 2557099 a composite number?
False
Is 10684967 a prime number?
True
Is 158099821 prime?
False
Is 6614765 prime?
False
Is 23663 a composite number?
False
Is 162813653 a composite number?
True
Is 1418201 composite?
False
Is 275216069 a prime number?
True
Is 647141 a composite number?
True
Is 9348119 a composite number?
True
Is 5950499 prime?
True
Is 12536063 a prime number?
False
Is 1537403 a prime number?
False
Is 16982069 composite?
True
Is 212450663 a prime number?
True
Is 13691017 prime?
False
Is 29775391 composite?
False
Is 1112747 composite?
False
Is 53437 a prime number?
True
Is 223561651 a composite number?
False
Is 7338343 a prime number?
True
Is 53612807 prime?
True
Is 2921561 a prime number?
True
Is 6073517 a prime number?
False
Is 372191473 prime?
False
Is 21234062 prime?
False
Is 314399 prime?
True
Is 75795457 composite?
False
Is 20829503 prime?
True
Is 11856319 a prime number?
False
Is 6584663 composite?
False
Is 1145093 a composite number?
False
Is 360997639 a prime number?
True
Is 8719391 a composite number?
False
Is 452132507 a composite number?
True
Is 49849931 a prime number?
True
Is 1195643 a prime number?
False
Is 618179 prime?
False
Is 662567 a prime number?
True
Is 27211039 a prime number?
True
Is 3230273 composite?
False
Is 9729001 a composite number?
True
Is 5880374 a composite number?
True
Is 993961 a composite number?
False
Is 13907879 prime?
False
Is 67079863 a composite number?
False
Is 63387811 composite?
False
Is 30436927 a prime number?
True
Is 1246283 composite?
False
Is 95019161 composite?
False
Is 3874217 composite?
True
Is 138931123 prime?
False
Is 14256647 a composite number?
False
Is 30698377 a prime number?
False
Is 474707 prime?
True
Is 89118331 a composite number?
False
Is 33222287 a composite number?
True
Is 42359311 a prime number?
False
Is 160187978 a composite number?
True
Is 154471 composite?
True
Is 22054379 prime?
True
Is 11030291 a composite number?
False
Is 14583683 a composite number?
False
Is 403259137 composite?
False
Is 46570841 prime?
False
Is 337622843 a prime number?
False
Is 1560971 a prime number?
False
Is 678347 composite?
True
Is 185638241 a prime number?
False
Is 1564597 prime?
True
Is 26206457 a prime number?
True
Is 742193 prime?
True
Is 5894341 a prime number?
False
Is 161815 a composite number?
True
Is 48341197 a composite number?
False
Is 9156769 a prime number?
False
Is 11141063 a composite number?
False
Is 1136623 composite?
False
Is 1502497 a composite number?
True
Is 2740667 composite?
False
Is 2948693 a composite number?
True
Is 2265493 a composite number?
False
Is 2831897 a prime number?
False
Is 7150313 a composite number?
False
Is 152992963 a prime number?
False
Is 172251787 composite?
False
Is 154271527 a prime number?
True
Is 808127 prime?
False
Is 121400753 prime?
True
Is 1119197 prime?
False
Is 10090771 a prime number?
True
Is 3482285 a prime number?
False
Is 98197459 composite?
False
Is 8672843 a composite number?
True
Is 1475329439 a prime number?
True
Is 437302729 a composite number?
False
Is 11455777 a composite number?
False
Is 4752611 prime?
False
Is 25405781 a prime number?
True
Is 9531183 composite?
True
Is 7914871 composite?
False
Is 327869 composite?
False
Is 12352951 prime?
False
Is 81662687 a composite number?
True
Is 148898273 a composite number?
False
Is 311257 a composite number?
True
Is 22331 a composite number?
True
Is 5937677 composite?
False
Is 287659083 prime?
False
Is 4506937 a prime number?
True
Is 203811365 composite?
True
Is 19649599 a composite number?
True
Is 52964657 a composite number?
False
Is 9865207 composite?
True
Is 297969257 prime?
True
Is 50157431 composite?
False
Is 590728267 composite?
True
Is 12810709 prime?
True
Is 1865849 a prime number?
True
Is 3174635 composite?
True
Is 49374566 composite?
True
Is 323053 composite?
False
Is 100208377 a prime number?
True
Is 25213769 a composite number?
True
Is 10475657 prime?
True
Is 113673619 a composite number?
False
Is 5273665 prime?
False
Is 48025037 prime?
False
Is 16897163 a prime number?
True
Is 555384263 prime?
False
Is 24383089 prime?
True
Is 247079909 a prime number?
True
Is 681762511 a composite number?
False
Is 852539 a composite number?
True
Is 8914621 a composite number?
False
Is 14682277 a prime number?
True
Is 23846891 a composite number?
False
Is 553018549 prime?
True
Is 1942582385 prime?
False
Is 12449 composite?
True
Is 8000639 a prime number?
False
Is 62641 a prime number?
False
Is 2089357 prime?
True
Is 1733269 a composite number?
True
Is 1290229 a composite number?
True
Is 2287381 prime?
True
Is 138555629 prime?
True
Is 265563913 prime?
True
Is 2602687 composite?
True
Is 2475313 a composite number?
True
Is 3113767 a composite number?
False
Is 42801773 a composite number?
True
Is 30245459 a composite number?
True
Is 51775993 prime?
False
Is 6931871 prime?
True
Is 82245026 a composite number?
True
Is 12824774 a composite number?
True
Is 34855789 composite?
False
Is 1836599 prime?
False
Is 1544789 a prime number?
True
Is 14150993 composite?
False
Is 2014615 prime?
False
Is 11476631 prime?
False
Is 765955 prime?
False
Is 275729 prime?
True
Is 136243 composite?
True
Is 2385871 prime?
False
Is 7807577 a prime number?
False
Is 101634593 a prime number?
True
Is 37869947 a composite number?
False
Is 21241317 prime?
False
Is 3055951 a prime number?
True
Is 2474117 a composite number?
False
Is 9733337 composite?
False
Is 258264871 a prime number?
True
Is 14926433 prime?
False
Is 246527923 a composite number?
False
Is 1937851 a composite number?
True
Is 36418297 prime?
True
Is 50076529 a composite number?
True
Is 41131261 prime?
False
Is 87233981 prime?
True
Is 5782615 composite?
True
Is 156687209 composite?
True
Is 148532249 a composite number?
True
Is 2351579 a prime number?
True
Is 42589121 a prime number?
True
Is 1752133 composite?
True
Is 66611227 composite?
False
Is 364199817 composite?
True
Is 83468641 a prime number?
False
Is 15822227 prime?
True
Is 15227161 a prime number?
True
Is 63902831 composite?
False
Is 45576719 a prime number?
False
Is 127436579 prime?
True
Is 14645527 prime?
False
Is 1785521 prime?
False
Is 3099583 prime?
False
Is 5184107 a prime number?
False
Is 14772059 a prime number?
True
Is 10589519 a composite number?
False
Is 14273681 composite?
False
Is 5563643 composite?
False
Is 31638907 a prime number?
True
Is 1725208427 composite?
False
Is 3759689 composite?
True
Is 165868277 a prime number?
True
Is 285679 prime?
False
Is 25254517 prime?
True
Is 28239665 prime?
False
Is 3235483 a prime number?
True
Is 16980103 composite?
True
Is 147809335 a prime number?
False
Is 10801499 prime?
True
Is 519863987 a prime number?
True
Is 71500379 a composite number?
False
Is 421241 a prime number?
True
Is 399523 a composite number?
False
Is 22807 prime?
True
Is 227157547 a prime number?
True
Is 482792503 a prime number?
False
Is 3319189 a composite number?
True
Is 540787502 composite?
True
Is 77086547 a composite number?
True
Is 30088273 composite?
False
Is 473986705 a composite number?
True
Is 4635409 composite?
True
Is 134799407 composite?
False
Is 31190855 prime?
False
Is 102278823 composite?
True
Is 78197011 prime?
False
Is 347632397 composite?
True
Is 822213683 composite?
True
Is 1181879 prime?
True
Is 16872893 a prime number?
False
Is 41539723 a prime number?
False
Is 314641 prime?
True
Is 325933747 a prime number?
False
Is 607928977 composite?
False
Is 136223303 a composite number?
True
Is 233797 composite?
True
Is 16309 composite?
True
Is 5452093 a prime number?
True
Is 330787 a prime number?
True
Is 1383605 a composite number?
True
Is 6353267 composite?
True
Is 2343329 composite?
False
Is 4042937 prime?
False
Is 14199227 composite?
True
Is 89922659 prime?
True
Is 3943627 a prime number?
True
Is 30514733 composite?
True
Is 1138117 prime?
True
Is 565711 a composite number?
True
Is 5581879 a prime number?
False
Is 4940641 prime?
True
Is 20214115 a composite number?
True
Is 319287851 a composite number?
True
Is 31413253 prime?
Tru